
1
Let r = -208 + 3093. What is the tens digit of r?
8
Let m(w) = -w**3 - 12*w**2 + 14*w + 18. Let o be m(-13). Let n(l) = l**3 - 6*l**2 + 6*l + 2. Let y be n(o). Let u(b) = 8*b - 8. What is the tens digit of u(y)?
4
What is the hundreds digit of (0 + 60/(-9))/(40/(-14760))?
4
What is the hundreds digit of (43/129)/((-3)/(-3762)*2)?
2
Let r = -29 - -32. Suppose j - r*m = 37, -5*j + 3 = 4*m - 182. What is the units digit of j?
7
Let l(o) = -151 - 5*o + 0*o + 145. What is the units digit of l(-3)?
9
Let c be 6/(-4) - 107/(-2). Let d = -24 + c. Suppose -4*m + d = -o + 5*o, -19 = -2*m - 3*o. What is the units digit of m?
2
Let m(y) = y**3 - 4*y**2 + 2*y + 1. Let g be m(3). Let t be (g/(-5))/((-2)/310). Let v = 0 - t. What is the tens digit of v?
6
Suppose f + 8 - 6 = 0. What is the tens digit of (0/3 - f) + 72?
7
Let j = -2361 - -6376. What is the tens digit of j?
1
Suppose -2*c - 3*c = 5*p + 55, 2*c - 2*p = -10. Let n = 1 - c. What is the units digit of (-10)/(-8)*(n - 5)?
5
Suppose -2240 = 2*m - 16*m. What is the hundreds digit of m?
1
Suppose 0 = -5*l - 695 + 4300. What is the hundreds digit of l?
7
Let n = 71 + -55. Suppose -9*v + 290 = -n. What is the units digit of v?
4
Let y be 12024/66 + 8/(-44). What is the units digit of (16/12)/(-3 - y/(-60))?
0
Let c = 15 + -13. Suppose -3*t - 4*i + i + 171 = 0, -c*t = -i - 105. Suppose -4*m = -t - 10. What is the tens digit of m?
1
What is the hundreds digit of -62*8/2*(9 - 11)?
4
Suppose -3*r = 2*n - 504 - 1773, 2*n + 1518 = 2*r. What is the units digit of r?
9
Let h = -2475 - -7228. What is the tens digit of h?
5
Suppose t - 3*h - 61 = -4, h + 184 = 4*t. What is the units digit of 0 + 415/t + (-4)/18?
9
Suppose 2*j + 15 = 5*j. Suppose 14 - 2 = 3*i, j*r + 4*i = 66. What is the units digit of r?
0
Let w be (-1)/(3 + -4)*-2. Let v be 1512/33 + w/(-11). Suppose -4*y = -2 - v. What is the tens digit of y?
1
Let s be ((-5)/2 - -1)/((-3)/8). Suppose 385 = -0*h + s*h + r, 5*h = 4*r + 455. What is the units digit of h?
5
Let u(q) = 11*q + 1. Let m be u(-2). Let p = m - -168. What is the units digit of p?
7
Let w(a) = 3*a - 1. Let p be w(-1). What is the units digit of (78*-4)/p + -3?
5
Let m(s) = 53*s**3 - 6*s**2 + 2*s - 1. Let p(q) = 106*q**3 - 11*q**2 + 3*q - 2. Let y(v) = 7*m(v) - 4*p(v). Let i = 13 + -14. What is the tens digit of y(i)?
5
What is the units digit of (3*-1)/(2/(-1834))*1?
1
Let u(c) = 11*c + 11. Suppose 3*s + s - 20 = 0. What is the tens digit of u(s)?
6
Suppose -4*q + 4 = -5*h - 3, 3*h - 15 = 0. Let s = -6 + q. Suppose j + s*j + 3*v - 72 = 0, -4*j + 68 = -3*v. What is the tens digit of j?
2
Let l(u) = -u**3 + 4*u**2 + 2*u - 2. Let t be l(4). Let p be (-156)/(-130)*(-15)/(-9). Suppose -v = -4*v + 2*m + 159, t = -p*m. What is the units digit of v?
1
Suppose -g - 6 = -3*g. Suppose 345 = 8*v - g*v. What is the units digit of v?
9
Suppose -6*q + 12 = -3*q. Let n(z) = -6*z**2 + 24*z + 4. Let h be n(5). What is the units digit of h/(-52) + 38/q?
0
Suppose -x + 5*x + 3*i - 17 = 0, -3*i + 7 = -x. Suppose 378 = 5*o - x*o. What is the units digit of o?
6
Suppose 3054 = 4*l + 5*s, l - 5*s - 751 = -0*l. What is the tens digit of l?
6
Suppose 0 = -27*t + 2309 + 73723. What is the thousands digit of t?
2
Suppose -3*k - v + 20426 = -2*v, 4*k - 5*v - 27242 = 0. What is the tens digit of (0 - 1 - -4)*k/69?
9
Let u(o) = o**3 - o**2 + 4*o - 4. Let c be u(2). What is the tens digit of ((c/(-6))/(-4))/((-1)/(-54))?
1
Let l(z) = 90*z - 199. What is the tens digit of l(15)?
5
Suppose 5*a + 12 = 9*a. Suppose 0 = -5*h - a*f + 9, 7 + 2 = h - 3*f. Suppose 2*k - 5*o + h = 25, o = k - 17. What is the units digit of k?
1
Suppose -5*f = -f. Suppose 5*j - 440 = -2*n - 125, f = j + n - 63. Suppose -9 = 2*b - j. What is the units digit of b?
7
Let y(q) = q - 16. Let d be y(12). What is the tens digit of (d + 3)*1 + 96?
9
Suppose -3*w = -2*w - 1. Let h be (-255)/(-3) - w*3. Suppose 0 = -5*v + 28 + h. What is the units digit of v?
2
Suppose 0 = 2*h - 41 + 21. Let s(g) = -2*g + 1. Let l(x) = -4*x + 1. Let c(n) = 6*l(n) - 13*s(n). What is the units digit of c(h)?
3
Let p(t) = t**2 - 39*t + 1019. What is the units digit of p(0)?
9
Let w be ((-1)/(-3))/(5/(-30)) - -6. Suppose 4*a - 52 = w*b, -3*b = a + a - 6. What is the units digit of a?
9
Let j = 114 + 22. What is the tens digit of j?
3
Suppose 8 - 28 = -4*v. Suppose v*i + 0*i - 465 = 0. What is the units digit of i?
3
Suppose n + 39 = -2*n. Let d = -9 - n. Suppose d*t - 2*l = l + 63, t - 5*l = 37. What is the tens digit of t?
1
Suppose -59 = -10*g + 9*g. Suppose 6*q = g + 13. What is the units digit of q?
2
Let g = 3485 + -1817. What is the tens digit of g?
6
Let n be (16/(-6))/(12/(-378)). Let u be n/(2 + 2/(-4)). Suppose -2*y + u = -5*l, l = 4*y + y - 94. What is the units digit of y?
8
Let n be (0 + 1)/(4/(-12)). Let b = 47 - n. What is the units digit of b?
0
Let q be 2*44/6*612/16. Suppose 41*w - 38*w = q. What is the hundreds digit of w?
1
Let c(s) = 121*s - 18. What is the tens digit of c(13)?
5
Suppose 0 = 98*p - 91*p - 4949. What is the units digit of p?
7
Suppose -2*y + 4*i = 0, -4*i + 9*i = 5*y. Suppose y = -v - 2, 0 = -3*d - 2*v + 4*v + 52. What is the tens digit of d?
1
Let o be -1*3/6*-2. Let i(r) = 50*r - 1. What is the tens digit of i(o)?
4
Suppose -1 = n, 3*z - 9 + 56 = 4*n. Let c = z - -66. Let u = c + -20. What is the tens digit of u?
2
Let n = 48 - 50. What is the units digit of (1 - -3) + (n - -1)?
3
Let q(z) = 2*z**3 - 12*z**2 + 4*z - 1. Let u be q(6). Suppose -2*b - 82 = -4*b. Suppose 4*f - u = b. What is the tens digit of f?
1
Suppose 5*k + 20 + 10 = 0. Let s(f) = f**2 - 2*f + 1. What is the tens digit of s(k)?
4
Suppose -3*c + 7 = 22, -194 = -g + 2*c. What is the units digit of g?
4
Let h(f) be the first derivative of 2*f**2 + 10*f - 4. What is the units digit of h(22)?
8
Let d = 86 + -38. What is the tens digit of d?
4
Let p(u) = 112*u + 47. What is the units digit of p(4)?
5
Suppose -243*z = -236*z - 9975. What is the units digit of z?
5
Let b = 35 + -59. Let q = -24 - b. Suppose q*k - k = -33. What is the tens digit of k?
3
Suppose 17 = -2*v - 21. Let h = v + 33. Let u(m) = m + 32. What is the tens digit of u(h)?
4
Let s(g) = -5*g**2 + 14*g - 22. Let z(b) = b**2 - b + 1. Let k(d) = -s(d) - 6*z(d). Let t be k(-13). Let x = t - -76. What is the tens digit of x?
2
What is the tens digit of 2/3 + (5924/6 - 1)?
8
Let r(s) = 23*s**2 + 15*s - 31. What is the units digit of r(-8)?
1
Suppose -12*v + 3262 + 24326 = 0. What is the thousands digit of v?
2
Suppose -4*q + 4*o - 5 = -13, 38 = 4*q + 2*o. Let n(z) = -8*z - 2. Let g be n(q). Let d = -31 - g. What is the tens digit of d?
2
Suppose -8*t - 20 = -4*t, 2*z + t = 4279. What is the hundreds digit of z?
1
Let j = 94 - 175. Let w = 22 - j. What is the tens digit of w?
0
What is the thousands digit of (-555)/(26/(-156)*1*3)?
1
Let r be 94/(-14) - (-16)/(-56). Let u = -20 - r. Let m = 3 - u. What is the tens digit of m?
1
What is the hundreds digit of (-20872)/(-34) + -7 + (-605)/(-85)?
6
Let g(c) = -c**2 + 16. Let i be g(9). What is the units digit of -1 + (-2 + -1 - i)?
1
Let i = -17 - -21. Suppose -352 = -3*s + s + 4*o, i*s - 692 = 2*o. What is the tens digit of s?
7
Let q(d) = -d**3 - 9*d**2 + 4. Let t be q(-9). Suppose -136 = -t*n + 116. What is the tens digit of n?
6
Let p(f) = -f**3 + 10*f**2 + 13*f + 27. Let x be -33*4/(-24)*2. What is the tens digit of p(x)?
4
Let x = 12 + -10. Suppose 5*s - g = -x*g + 29, -3 = 3*g. What is the units digit of s - 4 - 1*-2?
4
Let n = -87 + 259. What is the units digit of n?
2
Let w(o) be the third derivative of 17*o**4/24 - 7*o**3/6 - 7*o**2. Let p be w(5). Suppose 7*s - p = 4*s. What is the units digit of s?
6
Suppose -4*s = 4*l - 6*s + 58, 5*l = 2*s - 71. Let k = l - -52. What is the units digit of k?
9
Let u = 2965 + -1487. What is the tens digit of u?
7
Let l = 130 + -104. Let q = l + 190. What is the tens digit of q?
1
Suppose 565 = -5*f - 2*c - 675, 0 = -2*f - c - 496. Let w = -152 - f. What is the units digit of w?
6
Let f(t) = 996*t + 69. What is the hundreds digit of f(2)?
0
Let c(r) = -r**2 + r + 2. Let n be c(0). Suppose 0 = n*h - 5*g + 15, 0*g = -4*h + 3*g + 5. Suppose 12 = h*b - 13. What is the units digit of b?
5
Suppose 0 = 2*y + y - 5*f - 2302, 0 =